{"id":4945,"date":"2024-07-11T14:58:21","date_gmt":"2024-07-11T12:58:21","guid":{"rendered":"https:\/\/ghamelet.com\/mindfulness\/?page_id=4945"},"modified":"2024-11-06T07:41:15","modified_gmt":"2024-11-06T06:41:15","slug":"retraites-en-silence","status":"publish","type":"page","link":"https:\/\/ghamelet.com\/mindfulness\/retraites-en-silence\/","title":{"rendered":"Retraites en silence"},"content":{"rendered":"<h2><strong>Pr\u00e9sentation des retraites en silence<\/strong><\/h2>\n<p>La m\u00e9ditation de Pleine Conscience permet le d\u00e9voilement de notre potentiel humain et de qualit\u00e9s d\u00e9j\u00e0 pr\u00e9sentes, quels que soient nos conditionnements.<br \/>\nCela n\u00e9cessite un entra\u00eenement continu qui peut s\u2019effectuer sous diverses formes compl\u00e9mentaires\u00a0:<\/p>\n<ul>\n<li>La <strong>pratique formelle quotidienne<\/strong>, fil rouge indispensable au c\u0153ur de nos vies affair\u00e9es, qui permet de r\u00e9ajuster nos perceptions et de prendre conscience de nos conditionnements. Mais la m\u00e9ditation ne consiste pas \u00e0 se couper du monde et doit s\u2019int\u00e9grer dans notre quotidien.<\/li>\n<li>Pour cela, la <strong>pratique informelle<\/strong> s\u2019inscrit dans la continuit\u00e9 de la pratique formelle en d\u00e9veloppant une attention attentionn\u00e9e dans tous les aspects de la vie, o\u00f9 nos sch\u00e9mas et tendances se manifestent clairement.<\/li>\n<li>Enfin il est \u00e9galement n\u00e9cessaire de se consacrer \u00e0 des moments de retrait et d\u2019approfondissement que nous offrent les <strong>retraites en silence<\/strong> qui viennent renforcer nos prises de conscience dans un espace ext\u00e9rieur et int\u00e9rieur propices \u00e0 l\u2019int\u00e9gration. C\u2019est un temps d\u2019int\u00e9riorisation et d\u2019intimit\u00e9 avec soi soutenu par le silence et les pratiques en groupe.<\/li>\n<\/ul>\n","protected":false},"excerpt":{"rendered":"<p>Pr\u00e9sentation des retraites en silence La m\u00e9ditation de Pleine Conscience  [&#8230;]<\/p>\n","protected":false},"author":3,"featured_media":0,"parent":0,"menu_order":0,"comment_status":"closed","ping_status":"closed","template":"","meta":{"footnotes":""},"class_list":["post-4945","page","type-page","status-publish","hentry"],"yoast_head":"<!-- This site is optimized with the Yoast SEO plugin v27.4 - https:\/\/yoast.com\/product\/yoast-seo-wordpress\/ -->\n<title>Retraites en silence - Genevi\u00e8ve Hamelet<\/title>\n<meta name=\"robots\" content=\"index, follow, max-snippet:-1, max-image-preview:large, max-video-preview:-1\" \/>\n<link rel=\"canonical\" href=\"https:\/\/ghamelet.com\/mindfulness\/retraites-en-silence\/\" \/>\n<meta property=\"og:locale\" content=\"fr_FR\" \/>\n<meta property=\"og:type\" content=\"article\" \/>\n<meta property=\"og:title\" content=\"Retraites en silence - Genevi\u00e8ve Hamelet\" \/>\n<meta property=\"og:description\" content=\"Pr\u00e9sentation des retraites en silence La m\u00e9ditation de Pleine Conscience [...]\" \/>\n<meta property=\"og:url\" content=\"https:\/\/ghamelet.com\/mindfulness\/retraites-en-silence\/\" \/>\n<meta property=\"og:site_name\" content=\"Genevi\u00e8ve Hamelet\" \/>\n<meta property=\"article:modified_time\" content=\"2024-11-06T06:41:15+00:00\" \/>\n<meta name=\"twitter:card\" content=\"summary_large_image\" \/>\n<meta name=\"twitter:label1\" content=\"Dur\u00e9e de lecture estim\u00e9e\" \/>\n\t<meta name=\"twitter:data1\" content=\"2 minutes\" \/>\n<script type=\"application\/ld+json\" class=\"yoast-schema-graph\">{\"@context\":\"https:\\\/\\\/schema.org\",\"@graph\":[{\"@type\":\"WebPage\",\"@id\":\"https:\\\/\\\/ghamelet.com\\\/mindfulness\\\/retraites-en-silence\\\/\",\"url\":\"https:\\\/\\\/ghamelet.com\\\/mindfulness\\\/retraites-en-silence\\\/\",\"name\":\"Retraites en silence - Genevi\u00e8ve Hamelet\",\"isPartOf\":{\"@id\":\"https:\\\/\\\/ghamelet.com\\\/mindfulness\\\/#website\"},\"datePublished\":\"2024-07-11T12:58:21+00:00\",\"dateModified\":\"2024-11-06T06:41:15+00:00\",\"breadcrumb\":{\"@id\":\"https:\\\/\\\/ghamelet.com\\\/mindfulness\\\/retraites-en-silence\\\/#breadcrumb\"},\"inLanguage\":\"fr-FR\",\"potentialAction\":[{\"@type\":\"ReadAction\",\"target\":[\"https:\\\/\\\/ghamelet.com\\\/mindfulness\\\/retraites-en-silence\\\/\"]}]},{\"@type\":\"BreadcrumbList\",\"@id\":\"https:\\\/\\\/ghamelet.com\\\/mindfulness\\\/retraites-en-silence\\\/#breadcrumb\",\"itemListElement\":[{\"@type\":\"ListItem\",\"position\":1,\"name\":\"Accueil\",\"item\":\"https:\\\/\\\/ghamelet.com\\\/mindfulness\\\/\"},{\"@type\":\"ListItem\",\"position\":2,\"name\":\"Retraites en silence\"}]},{\"@type\":\"WebSite\",\"@id\":\"https:\\\/\\\/ghamelet.com\\\/mindfulness\\\/#website\",\"url\":\"https:\\\/\\\/ghamelet.com\\\/mindfulness\\\/\",\"name\":\"Genevi\u00e8ve Hamelet\",\"description\":\"Mindfulness\",\"potentialAction\":[{\"@type\":\"SearchAction\",\"target\":{\"@type\":\"EntryPoint\",\"urlTemplate\":\"https:\\\/\\\/ghamelet.com\\\/mindfulness\\\/?s={search_term_string}\"},\"query-input\":{\"@type\":\"PropertyValueSpecification\",\"valueRequired\":true,\"valueName\":\"search_term_string\"}}],\"inLanguage\":\"fr-FR\"}]}<\/script>\n<!-- \/ Yoast SEO plugin. -->","yoast_head_json":{"title":"Retraites en silence - Genevi\u00e8ve Hamelet","robots":{"index":"index","follow":"follow","max-snippet":"max-snippet:-1","max-image-preview":"max-image-preview:large","max-video-preview":"max-video-preview:-1"},"canonical":"https:\/\/ghamelet.com\/mindfulness\/retraites-en-silence\/","og_locale":"fr_FR","og_type":"article","og_title":"Retraites en silence - Genevi\u00e8ve Hamelet","og_description":"Pr\u00e9sentation des retraites en silence La m\u00e9ditation de Pleine Conscience [...]","og_url":"https:\/\/ghamelet.com\/mindfulness\/retraites-en-silence\/","og_site_name":"Genevi\u00e8ve Hamelet","article_modified_time":"2024-11-06T06:41:15+00:00","twitter_card":"summary_large_image","twitter_misc":{"Dur\u00e9e de lecture estim\u00e9e":"2 minutes"},"schema":{"@context":"https:\/\/schema.org","@graph":[{"@type":"WebPage","@id":"https:\/\/ghamelet.com\/mindfulness\/retraites-en-silence\/","url":"https:\/\/ghamelet.com\/mindfulness\/retraites-en-silence\/","name":"Retraites en silence - Genevi\u00e8ve Hamelet","isPartOf":{"@id":"https:\/\/ghamelet.com\/mindfulness\/#website"},"datePublished":"2024-07-11T12:58:21+00:00","dateModified":"2024-11-06T06:41:15+00:00","breadcrumb":{"@id":"https:\/\/ghamelet.com\/mindfulness\/retraites-en-silence\/#breadcrumb"},"inLanguage":"fr-FR","potentialAction":[{"@type":"ReadAction","target":["https:\/\/ghamelet.com\/mindfulness\/retraites-en-silence\/"]}]},{"@type":"BreadcrumbList","@id":"https:\/\/ghamelet.com\/mindfulness\/retraites-en-silence\/#breadcrumb","itemListElement":[{"@type":"ListItem","position":1,"name":"Accueil","item":"https:\/\/ghamelet.com\/mindfulness\/"},{"@type":"ListItem","position":2,"name":"Retraites en silence"}]},{"@type":"WebSite","@id":"https:\/\/ghamelet.com\/mindfulness\/#website","url":"https:\/\/ghamelet.com\/mindfulness\/","name":"Genevi\u00e8ve Hamelet","description":"Mindfulness","potentialAction":[{"@type":"SearchAction","target":{"@type":"EntryPoint","urlTemplate":"https:\/\/ghamelet.com\/mindfulness\/?s={search_term_string}"},"query-input":{"@type":"PropertyValueSpecification","valueRequired":true,"valueName":"search_term_string"}}],"inLanguage":"fr-FR"}]}},"jetpack_sharing_enabled":true,"_links":{"self":[{"href":"https:\/\/ghamelet.com\/mindfulness\/wp-json\/wp\/v2\/pages\/4945","targetHints":{"allow":["GET"]}}],"collection":[{"href":"https:\/\/ghamelet.com\/mindfulness\/wp-json\/wp\/v2\/pages"}],"about":[{"href":"https:\/\/ghamelet.com\/mindfulness\/wp-json\/wp\/v2\/types\/page"}],"author":[{"embeddable":true,"href":"https:\/\/ghamelet.com\/mindfulness\/wp-json\/wp\/v2\/users\/3"}],"replies":[{"embeddable":true,"href":"https:\/\/ghamelet.com\/mindfulness\/wp-json\/wp\/v2\/comments?post=4945"}],"version-history":[{"count":8,"href":"https:\/\/ghamelet.com\/mindfulness\/wp-json\/wp\/v2\/pages\/4945\/revisions"}],"predecessor-version":[{"id":5164,"href":"https:\/\/ghamelet.com\/mindfulness\/wp-json\/wp\/v2\/pages\/4945\/revisions\/5164"}],"wp:attachment":[{"href":"https:\/\/ghamelet.com\/mindfulness\/wp-json\/wp\/v2\/media?parent=4945"}],"curies":[{"name":"wp","href":"https:\/\/api.w.org\/{rel}","templated":true}]}}

<h2><strong>Présentation des retraites en silence</strong></h2>
<p>La méditation de Pleine Conscience permet le dévoilement de notre potentiel humain et de qualités déjà présentes, quels que soient nos conditionnements.<br />
Cela nécessite un entraînement continu qui peut s’effectuer sous diverses formes complémentaires :</p>
<ul>
<li>La <strong>pratique formelle quotidienne</strong>, fil rouge indispensable au cœur de nos vies affairées, qui permet de réajuster nos perceptions et de prendre conscience de nos conditionnements. Mais la méditation ne consiste pas à se couper du monde et doit s’intégrer dans notre quotidien.</li>
<li>Pour cela, la <strong>pratique informelle</strong> s’inscrit dans la continuité de la pratique formelle en développant une attention attentionnée dans tous les aspects de la vie, où nos schémas et tendances se manifestent clairement.</li>
<li>Enfin il est également nécessaire de se consacrer à des moments de retrait et d’approfondissement que nous offrent les <strong>retraites en silence</strong> qui viennent renforcer nos prises de conscience dans un espace extérieur et intérieur propices à l’intégration. C’est un temps d’intériorisation et d’intimité avec soi soutenu par le silence et les pratiques en groupe.</li>
</ul>

<p>Présentation des retraites en silence La méditation de Pleine Conscience  [&#8230;]</p>

<!-- This site is optimized with the Yoast SEO plugin v27.4 - https://yoast.com/product/yoast-seo-wordpress/ -->
<title>Retraites en silence - Geneviève Hamelet</title>
<meta name="robots" content="index, follow, max-snippet:-1, max-image-preview:large, max-video-preview:-1" />
<link rel="canonical" href="https://ghamelet.com/mindfulness/retraites-en-silence/" />
<meta property="og:locale" content="fr_FR" />
<meta property="og:type" content="article" />
<meta property="og:title" content="Retraites en silence - Geneviève Hamelet" />
<meta property="og:description" content="Présentation des retraites en silence La méditation de Pleine Conscience [...]" />
<meta property="og:url" content="https://ghamelet.com/mindfulness/retraites-en-silence/" />
<meta property="og:site_name" content="Geneviève Hamelet" />
<meta property="article:modified_time" content="2024-11-06T06:41:15+00:00" />
<meta name="twitter:card" content="summary_large_image" />
<meta name="twitter:label1" content="Durée de lecture estimée" />
	<meta name="twitter:data1" content="2 minutes" />
<script type="application/ld+json" class="yoast-schema-graph">{"@context":"https:\/\/schema.org","@graph":[{"@type":"WebPage","@id":"https:\/\/ghamelet.com\/mindfulness\/retraites-en-silence\/","url":"https:\/\/ghamelet.com\/mindfulness\/retraites-en-silence\/","name":"Retraites en silence - Geneviève Hamelet","isPartOf":{"@id":"https:\/\/ghamelet.com\/mindfulness\/#website"},"datePublished":"2024-07-11T12:58:21+00:00","dateModified":"2024-11-06T06:41:15+00:00","breadcrumb":{"@id":"https:\/\/ghamelet.com\/mindfulness\/retraites-en-silence\/#breadcrumb"},"inLanguage":"fr-FR","potentialAction":[{"@type":"ReadAction","target":["https:\/\/ghamelet.com\/mindfulness\/retraites-en-silence\/"]}]},{"@type":"BreadcrumbList","@id":"https:\/\/ghamelet.com\/mindfulness\/retraites-en-silence\/#breadcrumb","itemListElement":[{"@type":"ListItem","position":1,"name":"Accueil","item":"https:\/\/ghamelet.com\/mindfulness\/"},{"@type":"ListItem","position":2,"name":"Retraites en silence"}]},{"@type":"WebSite","@id":"https:\/\/ghamelet.com\/mindfulness\/#website","url":"https:\/\/ghamelet.com\/mindfulness\/","name":"Geneviève Hamelet","description":"Mindfulness","potentialAction":[{"@type":"SearchAction","target":{"@type":"EntryPoint","urlTemplate":"https:\/\/ghamelet.com\/mindfulness\/?s={search_term_string}"},"query-input":{"@type":"PropertyValueSpecification","valueRequired":true,"valueName":"search_term_string"}}],"inLanguage":"fr-FR"}]}</script>
<!-- / Yoast SEO plugin. -->

Retraites en silence - Geneviève Hamelet

Présentation des retraites en silence La méditation de Pleine Conscience [...]

Geneviève Hamelet
